{"id":3514,"date":"2021-06-02T10:00:15","date_gmt":"2021-06-02T10:00:15","guid":{"rendered":"https:\/\/gracey.qodeinteractive.com\/?page_id=3514"},"modified":"2026-03-11T21:07:08","modified_gmt":"2026-03-11T20:07:08","slug":"3-columns","status":"publish","type":"page","link":"https:\/\/teatrtrue.pl\/?page_id=3514","title":{"rendered":"KOROW\u00d3D W FADO"},"content":{"rendered":"\t\t<div data-elementor-type=\"wp-page\" data-elementor-id=\"3514\" class=\"elementor elementor-3514\">\n\t\t\t\t<div class=\"elementor-element elementor-element-d7213c7 e-flex e-con-boxed e-con e-parent\" data-id=\"d7213c7\" data-element_type=\"container\" data-core-v316-plus=\"true\">\n\t\t\t\t\t<div class=\"e-con-inner\">\n\t\t<div class=\"elementor-element elementor-element-f7dc952 e-con-full e-flex e-con e-child\" data-id=\"f7dc952\" data-element_type=\"container\">\n\t\t\t\t<div class=\"elementor-element elementor-element-6951659 elementor-widget elementor-widget-text-editor\" data-id=\"6951659\" data-element_type=\"widget\" data-widget_type=\"text-editor.default\">\n\t\t\t\t<div class=\"elementor-widget-container\">\n\t\t\t<style>\/*! elementor - v3.20.0 - 11-03-2024 *\/\n.elementor-widget-text-editor.elementor-drop-cap-view-stacked .elementor-drop-cap{background-color:#69727d;color:#fff}.elementor-widget-text-editor.elementor-drop-cap-view-framed .elementor-drop-cap{color:#69727d;border:3px solid;background-color:transparent}.elementor-widget-text-editor:not(.elementor-drop-cap-view-default) .elementor-drop-cap{margin-top:8px}.elementor-widget-text-editor:not(.elementor-drop-cap-view-default) .elementor-drop-cap-letter{width:1em;height:1em}.elementor-widget-text-editor .elementor-drop-cap{float:left;text-align:center;line-height:1;font-size:50px}.elementor-widget-text-editor .elementor-drop-cap-letter{display:inline-block}<\/style>\t\t\t\t<h5><span style=\"font-weight: 400;\">INSPIRACJA<\/span><\/h5><p><span style=\"font-weight: 400;\">Muzyka FADO zainspirowa\u0142a re\u017cysera do stworzenia korowodu o nostalgicznym przes\u0142aniu wyp\u0142ywaj\u0105cym z do\u015bwiadczania \u015bwiata przez osoby niewidome.<\/span><\/p><h5><span style=\"font-weight: 400;\">FILOZOFIA\u00a0\u00a0\u00a0<\/span><\/h5><p><span style=\"font-weight: 400;\">Filozofia KOROWODU W FADO zawarta jest w rozumieniu FADO przez Portugalczyk\u00f3w. FADO to <em><strong>\u201eprzeznaczenie\u201d<\/strong><\/em>. Gatunek muzyczny odczytywany jako <em><strong>\u201epie\u015b\u0144 nostalgiczna\u201d<\/strong><\/em>.\u00a0 Saudade od \u0142ac. solitas, Gen. sg. solitaten znacz\u0105ce <em><strong>\u201esamotno\u015b\u0107<\/strong><strong>\u201d<\/strong><\/em>. To r\u00f3wnie\u017c portugalski i galicyjski autostereotyp o pozytywnym wyd\u017awi\u0119ku \u2013 postrzegany jako warto\u015b\u0107 narodowa. FADO stanowi pewnego rodzaju stan nostalgii i melancholii zwi\u0105zanej z siln\u0105 waloryzacj\u0105 przesz\u0142o\u015bci i kontemplacji przemijani, pi\u0119kna rozk\u0142adu, odbieranego z subteln\u0105 dum\u0105 i rado\u015bci\u0105, w spos\u00f3b pozytywny. Saudade nie jest chwilowym stanem ducha, lecz stanowi sta\u0142e obecne \u017ar\u00f3d\u0142o kreacji charakteru osoby kt\u00f3rej dotyczy.\u00a0<\/span><\/p>\t\t\t\t\t\t<\/div>\n\t\t\t\t<\/div>\n\t\t\t\t<\/div>\n\t\t<div class=\"elementor-element elementor-element-e850a99 e-con-full e-flex e-con e-child\" data-id=\"e850a99\" data-element_type=\"container\">\n\t\t\t\t<div class=\"elementor-element elementor-element-c89447d elementor-widget elementor-widget-spacer\" data-id=\"c89447d\" data-element_type=\"widget\" data-widget_type=\"spacer.default\">\n\t\t\t\t<div class=\"elementor-widget-container\">\n\t\t\t<style>\/*! elementor - v3.20.0 - 11-03-2024 *\/\n.elementor-column .elementor-spacer-inner{height:var(--spacer-size)}.e-con{--container-widget-width:100%}.e-con-inner>.elementor-widget-spacer,.e-con>.elementor-widget-spacer{width:var(--container-widget-width,var(--spacer-size));--align-self:var(--container-widget-align-self,initial);--flex-shrink:0}.e-con-inner>.elementor-widget-spacer>.elementor-widget-container,.e-con>.elementor-widget-spacer>.elementor-widget-container{height:100%;width:100%}.e-con-inner>.elementor-widget-spacer>.elementor-widget-container>.elementor-spacer,.e-con>.elementor-widget-spacer>.elementor-widget-container>.elementor-spacer{height:100%}.e-con-inner>.elementor-widget-spacer>.elementor-widget-container>.elementor-spacer>.elementor-spacer-inner,.e-con>.elementor-widget-spacer>.elementor-widget-container>.elementor-spacer>.elementor-spacer-inner{height:var(--container-widget-height,var(--spacer-size))}.e-con-inner>.elementor-widget-spacer.elementor-widget-empty,.e-con>.elementor-widget-spacer.elementor-widget-empty{position:relative;min-height:22px;min-width:22px}.e-con-inner>.elementor-widget-spacer.elementor-widget-empty .elementor-widget-empty-icon,.e-con>.elementor-widget-spacer.elementor-widget-empty .elementor-widget-empty-icon{position:absolute;top:0;bottom:0;left:0;right:0;margin:auto;padding:0;width:22px;height:22px}<\/style>\t\t<div class=\"elementor-spacer\">\n\t\t\t<div class=\"elementor-spacer-inner\"><\/div>\n\t\t<\/div>\n\t\t\t\t<\/div>\n\t\t\t\t<\/div>\n\t\t\t\t<div class=\"elementor-element elementor-element-a6e21c6 elementor-invisible elementor-widget elementor-widget-video\" data-id=\"a6e21c6\" data-element_type=\"widget\" data-settings=\"{&quot;youtube_url&quot;:&quot;https:\\\/\\\/www.youtube.com\\\/watch?v=oRooCh_N38I&quot;,&quot;_animation&quot;:&quot;slideInRight&quot;,&quot;video_type&quot;:&quot;youtube&quot;,&quot;controls&quot;:&quot;yes&quot;}\" data-widget_type=\"video.default\">\n\t\t\t\t<div class=\"elementor-widget-container\">\n\t\t\t<style>\/*! elementor - v3.20.0 - 11-03-2024 *\/\n.elementor-widget-video .elementor-widget-container{overflow:hidden;transform:translateZ(0)}.elementor-widget-video .elementor-wrapper{aspect-ratio:var(--video-aspect-ratio)}.elementor-widget-video .elementor-wrapper iframe,.elementor-widget-video .elementor-wrapper video{height:100%;width:100%;display:flex;border:none;background-color:#000}@supports not (aspect-ratio:1\/1){.elementor-widget-video .elementor-wrapper{position:relative;overflow:hidden;height:0;padding-bottom:calc(100% \/ var(--video-aspect-ratio))}.elementor-widget-video .elementor-wrapper iframe,.elementor-widget-video .elementor-wrapper video{position:absolute;top:0;right:0;bottom:0;left:0}}.elementor-widget-video .elementor-open-inline .elementor-custom-embed-image-overlay{position:absolute;top:0;right:0;bottom:0;left:0;background-size:cover;background-position:50%}.elementor-widget-video .elementor-custom-embed-image-overlay{cursor:pointer;text-align:center}.elementor-widget-video .elementor-custom-embed-image-overlay:hover .elementor-custom-embed-play i{opacity:1}.elementor-widget-video .elementor-custom-embed-image-overlay img{display:block;width:100%;aspect-ratio:var(--video-aspect-ratio);-o-object-fit:cover;object-fit:cover;-o-object-position:center center;object-position:center center}@supports not (aspect-ratio:1\/1){.elementor-widget-video .elementor-custom-embed-image-overlay{position:relative;overflow:hidden;height:0;padding-bottom:calc(100% \/ var(--video-aspect-ratio))}.elementor-widget-video .elementor-custom-embed-image-overlay img{position:absolute;top:0;right:0;bottom:0;left:0}}.elementor-widget-video .e-hosted-video .elementor-video{-o-object-fit:cover;object-fit:cover}.e-con-inner>.elementor-widget-video,.e-con>.elementor-widget-video{width:var(--container-widget-width);--flex-grow:var(--container-widget-flex-grow)}<\/style>\t\t<div class=\"elementor-wrapper elementor-open-inline\">\n\t\t\t<div class=\"elementor-video\"><\/div>\t\t<\/div>\n\t\t\t\t<\/div>\n\t\t\t\t<\/div>\n\t\t\t\t<\/div>\n\t\t<div class=\"elementor-element elementor-element-385e664 e-con-full e-flex e-con e-child\" data-id=\"385e664\" data-element_type=\"container\">\n\t\t\t\t<div class=\"elementor-element elementor-element-b8a0b69 elementor-widget elementor-widget-spacer\" data-id=\"b8a0b69\" data-element_type=\"widget\" data-widget_type=\"spacer.default\">\n\t\t\t\t<div class=\"elementor-widget-container\">\n\t\t\t\t\t<div class=\"elementor-spacer\">\n\t\t\t<div class=\"elementor-spacer-inner\"><\/div>\n\t\t<\/div>\n\t\t\t\t<\/div>\n\t\t\t\t<\/div>\n\t\t\t\t<div class=\"elementor-element elementor-element-f1e172b elementor-widget elementor-widget-video\" data-id=\"f1e172b\" data-element_type=\"widget\" data-settings=\"{&quot;youtube_url&quot;:&quot;https:\\\/\\\/www.youtube.com\\\/watch?v=H9dowODKLW8&quot;,&quot;video_type&quot;:&quot;youtube&quot;,&quot;controls&quot;:&quot;yes&quot;}\" data-widget_type=\"video.default\">\n\t\t\t\t<div class=\"elementor-widget-container\">\n\t\t\t\t\t<div class=\"elementor-wrapper elementor-open-inline\">\n\t\t\t<div class=\"elementor-video\"><\/div>\t\t<\/div>\n\t\t\t\t<\/div>\n\t\t\t\t<\/div>\n\t\t\t\t<\/div>\n\t\t<div class=\"elementor-element elementor-element-6b3c1b7 e-con-full e-flex e-con e-child\" data-id=\"6b3c1b7\" data-element_type=\"container\">\n\t\t\t\t<div class=\"elementor-element elementor-element-3a7bb54 elementor-widget elementor-widget-text-editor\" data-id=\"3a7bb54\" data-element_type=\"widget\" data-widget_type=\"text-editor.default\">\n\t\t\t\t<div class=\"elementor-widget-container\">\n\t\t\t\t\t\t\t<h5><span style=\"font-weight: 400;\"><span style=\"vertical-align: inherit;\"><span style=\"vertical-align: inherit;\"><span style=\"vertical-align: inherit;\"><span style=\"vertical-align: inherit;\">INFORMACJE O SPEKTAKLU:\u00a0<\/span><\/span><\/span><\/span><\/span><\/h5><p>Spektakl zosta\u0142 wystawiony dwukrotnie w 2014 r. i ponownie, dwukrotnie w 2015 r. w Akademickim Centrum Kultury Uniwersytetu Szczeci\u0144skiego. Zgromadzi\u0142 ponad 800 widz\u00f3w-uczestnik\u00f3w z Wojew\u00f3dztwa Zachodniopomorskiego i miasta Szczecin. Film zosta\u0142 odzyskany po 10 latach i premierowo udost\u0119pniony na kanale YouTube w czerwcu 2024 r.<\/p><p>Pozosta\u0142o tak\u017ce wiele cennego materia\u0142u archiwalnego, metodycznego i edukacyjnego z pracy nad spektaklem.<\/p><p>\u00a0<\/p><p><span style=\"font-weight: 400;\"><span style=\"vertical-align: inherit;\"><span style=\"vertical-align: inherit;\"><span style=\"vertical-align: inherit;\"><span style=\"vertical-align: inherit;\"><strong>Premiera:<\/strong> 12 wrze\u015bnia 2014<\/span><\/span><\/span><\/span><\/span><\/p><p><span style=\"font-weight: 400;\"><span style=\"vertical-align: inherit;\"><span style=\"vertical-align: inherit;\"><span style=\"vertical-align: inherit;\"><span style=\"vertical-align: inherit;\"><strong>Scena:<\/strong> Akademickim Centrum Kultury US<\/span><\/span><\/span><\/span><\/span><\/p><p><span style=\"font-weight: 400;\"><span style=\"vertical-align: inherit;\"><span style=\"vertical-align: inherit;\"><span style=\"vertical-align: inherit;\"><span style=\"vertical-align: inherit;\"><strong>Czas trwania:<\/strong> 60 min<\/span><\/span><\/span><\/span><\/span><\/p><p><strong>Spektakl teatru ta\u0144ca:<\/strong> Teatr Ruchu Umownie Ewidentnego<\/p><p><span style=\"font-weight: 400;\"><strong><span style=\"vertical-align: inherit;\"><span style=\"vertical-align: inherit;\"><span style=\"vertical-align: inherit;\"><span style=\"vertical-align: inherit;\">Scenariusz i re\u017cyseria:<\/span><\/span><\/span><\/span><\/strong><span style=\"vertical-align: inherit;\"><span style=\"vertical-align: inherit;\"><span style=\"vertical-align: inherit;\"><span style=\"vertical-align: inherit;\"> Jerzy N. Grzegorek<\/span><\/span><\/span><\/span><\/span><\/p><p><span style=\"font-weight: 400;\"><strong><span style=\"vertical-align: inherit;\"><span style=\"vertical-align: inherit;\"><span style=\"vertical-align: inherit;\"><span style=\"vertical-align: inherit;\">Idiochoreografia:<\/span><\/span><\/span><\/span><\/strong><span style=\"vertical-align: inherit;\"><span style=\"vertical-align: inherit;\"><span style=\"vertical-align: inherit;\"><span style=\"vertical-align: inherit;\"> Jerzy N. Grzegorek \/ tancerze-aktorzy\u00a0<\/span><\/span><\/span><\/span><\/span><\/p><p>\u00a0<\/p><p><b>TANCERZE-AKTORZY:<\/b><\/p><p><span style=\"font-weight: 400;\"><span style=\"vertical-align: inherit;\"><span style=\"vertical-align: inherit;\"><span style=\"vertical-align: inherit;\"><span style=\"vertical-align: inherit;\">Kacper Koz\u0142owski: tancerz-aktor niewidomy<\/span><\/span><\/span><\/span><\/span><\/p><p><span style=\"font-weight: 400;\"><span style=\"vertical-align: inherit;\"><span style=\"vertical-align: inherit;\"><span style=\"vertical-align: inherit;\"><span style=\"vertical-align: inherit;\">Aleksandra Kufera: \u00a0tancerka-aktorka niewidoma<\/span><\/span><\/span><\/span><\/span><\/p><p><span style=\"font-weight: 400;\"><span style=\"vertical-align: inherit;\"><span style=\"vertical-align: inherit;\"><span style=\"vertical-align: inherit;\"><span style=\"vertical-align: inherit;\">Jagoda Grekowicz: \u00a0tancerka-aktorka niewidoma<\/span><\/span><\/span><\/span><\/span><\/p><p><span style=\"font-weight: 400;\"><span style=\"vertical-align: inherit;\"><span style=\"vertical-align: inherit;\"><span style=\"vertical-align: inherit;\"><span style=\"vertical-align: inherit;\">Paulina Serokos: \u00a0tancerka-aktorka niewidoma<\/span><\/span><\/span><\/span><\/span><\/p><p><span style=\"font-weight: 400;\"><span style=\"vertical-align: inherit;\"><span style=\"vertical-align: inherit;\"><span style=\"vertical-align: inherit;\"><span style=\"vertical-align: inherit;\">Halina Rumowska: tancerka-aktorka s\u0142abowidz\u0105ca<\/span><\/span><\/span><\/span><\/span><\/p><p><span style=\"font-weight: 400;\"><span style=\"vertical-align: inherit;\"><span style=\"vertical-align: inherit;\"><span style=\"vertical-align: inherit;\"><span style=\"vertical-align: inherit;\">Irena Markiewicz: tancerka-aktorka s\u0142abowidz\u0105ca<\/span><\/span><\/span><\/span><\/span><\/p><p><span style=\"font-weight: 400;\"><span style=\"vertical-align: inherit;\"><span style=\"vertical-align: inherit;\"><span style=\"vertical-align: inherit;\"><span style=\"vertical-align: inherit;\">Alicja Czarnuszka: tancerka-aktorka s\u0142abowidz\u0105ca<\/span><\/span><\/span><\/span><\/span><\/p><p><span style=\"font-weight: 400;\"><span style=\"vertical-align: inherit;\"><span style=\"vertical-align: inherit;\"><span style=\"vertical-align: inherit;\"><span style=\"vertical-align: inherit;\">Jerzy N. Grzegorek: tancerz-aktor z niepe\u0142nosprawno\u015bci\u0105 \u00a0motoryczn\u0105<\/span><\/span><\/span><\/span><\/span><\/p>\t\t\t\t\t\t<\/div>\n\t\t\t\t<\/div>\n\t\t\t\t<\/div>\n\t\t\t\t\t<\/div>\n\t\t\t\t<\/div>\n\t\t\t\t<\/div>\n\t\t","protected":false},"excerpt":{"rendered":"<p>INSPIRACJA Muzyka FADO zainspirowa\u0142a re\u017cysera do stworzenia korowodu o nostalgicznym przes\u0142aniu wyp\u0142ywaj\u0105cym z do\u015bwiadczania \u015bwiata przez osoby niewidome. FILOZOFIA\u00a0\u00a0\u00a0 Filozofia KOROWODU W FADO zawarta jest w rozumieniu FADO przez Portugalczyk\u00f3w. [&hellip;]<\/p>\n","protected":false},"author":1,"featured_media":0,"parent":168,"menu_order":0,"comment_status":"closed","ping_status":"closed","template":"page-full-width.php","meta":{"_mc_calendar":[],"footnotes":""},"class_list":["post-3514","page","type-page","status-publish","hentry"],"_links":{"self":[{"href":"https:\/\/teatrtrue.pl\/index.php?rest_route=\/wp\/v2\/pages\/3514","targetHints":{"allow":["GET"]}}],"collection":[{"href":"https:\/\/teatrtrue.pl\/index.php?rest_route=\/wp\/v2\/pages"}],"about":[{"href":"https:\/\/teatrtrue.pl\/index.php?rest_route=\/wp\/v2\/types\/page"}],"author":[{"embeddable":true,"href":"https:\/\/teatrtrue.pl\/index.php?rest_route=\/wp\/v2\/users\/1"}],"replies":[{"embeddable":true,"href":"https:\/\/teatrtrue.pl\/index.php?rest_route=%2Fwp%2Fv2%2Fcomments&post=3514"}],"version-history":[{"count":40,"href":"https:\/\/teatrtrue.pl\/index.php?rest_route=\/wp\/v2\/pages\/3514\/revisions"}],"predecessor-version":[{"id":11871,"href":"https:\/\/teatrtrue.pl\/index.php?rest_route=\/wp\/v2\/pages\/3514\/revisions\/11871"}],"up":[{"embeddable":true,"href":"https:\/\/teatrtrue.pl\/index.php?rest_route=\/wp\/v2\/pages\/168"}],"wp:attachment":[{"href":"https:\/\/teatrtrue.pl\/index.php?rest_route=%2Fwp%2Fv2%2Fmedia&parent=3514"}],"curies":[{"name":"wp","href":"https:\/\/api.w.org\/{rel}","templated":true}]}}