{"id":10639,"date":"2026-01-28T17:44:25","date_gmt":"2026-01-28T16:44:25","guid":{"rendered":"https:\/\/teatrtrue.pl\/?page_id=10639"},"modified":"2026-01-30T20:58:17","modified_gmt":"2026-01-30T19:58:17","slug":"scena-laboratorium-true-repertuar","status":"publish","type":"page","link":"https:\/\/teatrtrue.pl\/?page_id=10639","title":{"rendered":"SCENA LABORATORIUM TRUE. REPERTUAR"},"content":{"rendered":"\t\t<div data-elementor-type=\"wp-page\" data-elementor-id=\"10639\" class=\"elementor elementor-10639\">\n\t\t\t\t<div class=\"elementor-element elementor-element-bb5a7f6 e-flex e-con-boxed e-con e-parent\" data-id=\"bb5a7f6\" data-element_type=\"container\" data-core-v316-plus=\"true\">\n\t\t\t\t\t<div class=\"e-con-inner\">\n\t\t\t\t<div class=\"elementor-element elementor-element-4636a15 elementor-invisible elementor-widget elementor-widget-text-editor\" data-id=\"4636a15\" data-element_type=\"widget\" data-settings=\"{&quot;_animation&quot;:&quot;zoomIn&quot;}\" data-widget_type=\"text-editor.default\">\n\t\t\t\t<div class=\"elementor-widget-container\">\n\t\t\t<style>\/*! elementor - v3.20.0 - 11-03-2024 *\/\n.elementor-widget-text-editor.elementor-drop-cap-view-stacked .elementor-drop-cap{background-color:#69727d;color:#fff}.elementor-widget-text-editor.elementor-drop-cap-view-framed .elementor-drop-cap{color:#69727d;border:3px solid;background-color:transparent}.elementor-widget-text-editor:not(.elementor-drop-cap-view-default) .elementor-drop-cap{margin-top:8px}.elementor-widget-text-editor:not(.elementor-drop-cap-view-default) .elementor-drop-cap-letter{width:1em;height:1em}.elementor-widget-text-editor .elementor-drop-cap{float:left;text-align:center;line-height:1;font-size:50px}.elementor-widget-text-editor .elementor-drop-cap-letter{display:inline-block}<\/style>\t\t\t\t<h5><b>KOROW\u00d3D PANA YABU. STUDIUM PERFORMATYWNE<\/b><\/h5>\t\t\t\t\t\t<\/div>\n\t\t\t\t<\/div>\n\t\t\t\t\t<\/div>\n\t\t\t\t<\/div>\n\t\t<div class=\"elementor-element elementor-element-f9d2f5f e-flex e-con-boxed e-con e-parent\" data-id=\"f9d2f5f\" data-element_type=\"container\" data-core-v316-plus=\"true\">\n\t\t\t\t\t<div class=\"e-con-inner\">\n\t\t<div class=\"elementor-element elementor-element-6a8decf e-con-full e-flex e-con e-child\" data-id=\"6a8decf\" data-element_type=\"container\">\n\t\t\t\t<div class=\"elementor-element elementor-element-5d60020 elementor-widget__width-initial elementor-invisible elementor-widget elementor-widget-text-editor\" data-id=\"5d60020\" data-element_type=\"widget\" data-settings=\"{&quot;_animation&quot;:&quot;fadeInLeft&quot;}\" data-widget_type=\"text-editor.default\">\n\t\t\t\t<div class=\"elementor-widget-container\">\n\t\t\t\t\t\t\t<p><b>BILETY:<\/b><\/p><p>STANDARDOWE: 40 Z\u0141<\/p><p>ULGOWE \/ STUDENCI 35 Z\u0141<\/p><p>GRUPY ZORGANIZOWANE 30 Z\u0141<\/p><p>OPIEKUNOWIE OS\u00d3B Z NIEPE\u0141NOSPRAWNO\u015aCIAMI BEZP\u0141ATNIE<\/p><p>BILET MO\u017bNA NABY\u0106 W DNIU SPEKTAKLU<\/p><p>\u00a0<\/p><p><b>ZOBACZ KALENDARIUM <\/b><\/p><p><b>BILETY<\/b> <a href=\"mailto:scenatrue@gmail.com\">scenatrue@gmail.com<\/a><\/p><p>Przedp\u0142aty na konto Fundacji TRUE<\/p><p>NUMER KONTA BANKOWEGO:<\/p><p>36 1240 3927 1111 0011 2670 6715<\/p><p>Z dopiskiem: DAROWIZNA oraz imi\u0119 i nazwisko<\/p><p>GRUPY ZORGANIZOWANE \u2013 WYSTAWIAMY FAKTURY PROFORMA\u00a0<\/p><p>\u00a0<\/p><p>Kochani widzowie &#8211; uczestnicy, pami\u0119tajcie: wasz bilet to cegie\u0142ka w rozw\u00f3j kultury teatru ta\u0144ca TRUE. Dzi\u0119ki wp\u0142atom i darowiznom wsp\u00f3\u0142tworzycie oraz budujecie scen\u0119 true, dbaj\u0105c o jej jako\u015b\u0107, ci\u0105g\u0142o\u015b\u0107 i obop\u00f3lny dobrostan. \u201cTu nie chodzi o niepe\u0142nosprawno\u015b\u0107 lecz o sztuk\u0119\u201d<\/p>\t\t\t\t\t\t<\/div>\n\t\t\t\t<\/div>\n\t\t\t\t<\/div>\n\t\t<div class=\"elementor-element elementor-element-fa62591 e-con-full e-flex e-con e-child\" data-id=\"fa62591\" data-element_type=\"container\">\n\t\t\t\t<div class=\"elementor-element elementor-element-e299733 elementor-widget__width-initial elementor-invisible elementor-widget elementor-widget-image\" data-id=\"e299733\" data-element_type=\"widget\" data-settings=\"{&quot;_animation&quot;:&quot;zoomIn&quot;}\" data-widget_type=\"image.default\">\n\t\t\t\t<div class=\"elementor-widget-container\">\n\t\t\t<style>\/*! elementor - v3.20.0 - 11-03-2024 *\/\n.elementor-widget-image{text-align:center}.elementor-widget-image a{display:inline-block}.elementor-widget-image a img[src$=\".svg\"]{width:48px}.elementor-widget-image img{vertical-align:middle;display:inline-block}<\/style>\t\t\t\t\t\t\t\t\t\t<img fetchpriority=\"high\" decoding=\"async\" width=\"1024\" height=\"718\" src=\"https:\/\/teatrtrue.pl\/wp-content\/uploads\/2026\/01\/Picture3-2-1024x718.png\" class=\"attachment-large size-large wp-image-10643\" alt=\"\" srcset=\"https:\/\/teatrtrue.pl\/wp-content\/uploads\/2026\/01\/Picture3-2-1024x718.png 1024w, https:\/\/teatrtrue.pl\/wp-content\/uploads\/2026\/01\/Picture3-2-300x210.png 300w, https:\/\/teatrtrue.pl\/wp-content\/uploads\/2026\/01\/Picture3-2-768x539.png 768w, https:\/\/teatrtrue.pl\/wp-content\/uploads\/2026\/01\/Picture3-2-1536x1077.png 1536w, https:\/\/teatrtrue.pl\/wp-content\/uploads\/2026\/01\/Picture3-2-2048x1437.png 2048w\" sizes=\"(max-width: 1024px) 100vw, 1024px\" \/>\t\t\t\t\t\t\t\t\t\t\t\t\t<\/div>\n\t\t\t\t<\/div>\n\t\t\t\t<\/div>\n\t\t\t\t\t<\/div>\n\t\t\t\t<\/div>\n\t\t<div class=\"elementor-element elementor-element-040fa89 e-flex e-con-boxed e-con e-parent\" data-id=\"040fa89\" data-element_type=\"container\" data-core-v316-plus=\"true\">\n\t\t\t\t\t<div class=\"e-con-inner\">\n\t\t\t\t<div class=\"elementor-element elementor-element-4cddc21 elementor-invisible elementor-widget elementor-widget-text-editor\" data-id=\"4cddc21\" data-element_type=\"widget\" data-settings=\"{&quot;_animation&quot;:&quot;zoomIn&quot;}\" data-widget_type=\"text-editor.default\">\n\t\t\t\t<div class=\"elementor-widget-container\">\n\t\t\t\t\t\t\t<h5><b>SCENARIUSZ DLA NIEWIDOMEGO LECZ MO\u017bLIWEGO TANCERZA IDIODENSORYCZNEGO<\/b><\/h5>\t\t\t\t\t\t<\/div>\n\t\t\t\t<\/div>\n\t\t\t\t\t<\/div>\n\t\t\t\t<\/div>\n\t\t<div class=\"elementor-element elementor-element-7d4d330 e-flex e-con-boxed e-con e-parent\" data-id=\"7d4d330\" data-element_type=\"container\" data-core-v316-plus=\"true\">\n\t\t\t\t\t<div class=\"e-con-inner\">\n\t\t<div class=\"elementor-element elementor-element-4529d7c e-con-full e-flex e-con e-child\" data-id=\"4529d7c\" data-element_type=\"container\">\n\t\t\t\t<div class=\"elementor-element elementor-element-561ad11 elementor-widget__width-initial elementor-invisible elementor-widget elementor-widget-text-editor\" data-id=\"561ad11\" data-element_type=\"widget\" data-settings=\"{&quot;_animation&quot;:&quot;fadeInLeft&quot;}\" data-widget_type=\"text-editor.default\">\n\t\t\t\t<div class=\"elementor-widget-container\">\n\t\t\t\t\t\t\t<p><b>BILETY:<\/b><\/p><p>STANDARDOWE: 30 Z\u0141<\/p><p>ULGOWE \/ STUDENCI 25 Z\u0141<\/p><p>GRUPY ZORGANIZOWANE 20 Z\u0141<\/p><p>OPIEKUNOWIE OS\u00d3B Z NIEPE\u0141NOSPRAWNO\u015aCIAMI BEZP\u0141ATNIE<\/p><p>BILET MO\u017bNA NABY\u0106 W DNIU SPEKTAKLU<\/p><p><b>ZOBACZ KALENDARIUM <\/b><\/p><p><b>BILETY<\/b> <a href=\"mailto:scenatrue@gmail.com\">scenatrue@gmail.com<\/a><\/p><p>Przedp\u0142aty na konto Fundacji TRUE<\/p><p>NUMER KONTA BANKOWEGO:<\/p><p>36 1240 3927 1111 0011 2670 6715<\/p><p>Z dopiskiem: DAROWIZNA oraz imi\u0119 i nazwisko<\/p><p>GRUPY ZORGANIZOWANE \u2013 WYSTAWIAMY FAKTURY PROFORMA\u00a0<\/p><p>Kochani widzowie &#8211; uczestnicy, pami\u0119tajcie: wasz bilet to cegie\u0142ka w rozw\u00f3j kultury teatru ta\u0144ca TRUE. Dzi\u0119ki wp\u0142atom i darowiznom wsp\u00f3\u0142tworzycie oraz budujecie scen\u0119 true, dbaj\u0105c o jej jako\u015b\u0107, ci\u0105g\u0142o\u015b\u0107 i obop\u00f3lny dobrostan. \u201cTu nie chodzi o niepe\u0142nosprawno\u015b\u0107 lecz o sztuk\u0119\u201d<\/p>\t\t\t\t\t\t<\/div>\n\t\t\t\t<\/div>\n\t\t\t\t<\/div>\n\t\t<div class=\"elementor-element elementor-element-ca3879c e-con-full e-flex e-con e-child\" data-id=\"ca3879c\" data-element_type=\"container\">\n\t\t\t\t<div class=\"elementor-element elementor-element-bf1e541 elementor-widget__width-initial elementor-invisible elementor-widget elementor-widget-image\" data-id=\"bf1e541\" data-element_type=\"widget\" data-settings=\"{&quot;_animation&quot;:&quot;zoomIn&quot;}\" data-widget_type=\"image.default\">\n\t\t\t\t<div class=\"elementor-widget-container\">\n\t\t\t\t\t\t\t\t\t\t\t\t\t<img decoding=\"async\" width=\"1024\" height=\"676\" src=\"https:\/\/teatrtrue.pl\/wp-content\/uploads\/2026\/01\/Picture4-2-1024x676.png\" class=\"attachment-large size-large wp-image-10644\" alt=\"\" srcset=\"https:\/\/teatrtrue.pl\/wp-content\/uploads\/2026\/01\/Picture4-2-1024x676.png 1024w, https:\/\/teatrtrue.pl\/wp-content\/uploads\/2026\/01\/Picture4-2-300x198.png 300w, https:\/\/teatrtrue.pl\/wp-content\/uploads\/2026\/01\/Picture4-2-768x507.png 768w, https:\/\/teatrtrue.pl\/wp-content\/uploads\/2026\/01\/Picture4-2-1536x1015.png 1536w, https:\/\/teatrtrue.pl\/wp-content\/uploads\/2026\/01\/Picture4-2-2048x1353.png 2048w\" sizes=\"(max-width: 1024px) 100vw, 1024px\" \/>\t\t\t\t\t\t\t\t\t\t\t\t\t<\/div>\n\t\t\t\t<\/div>\n\t\t\t\t<\/div>\n\t\t\t\t\t<\/div>\n\t\t\t\t<\/div>\n\t\t\t\t<\/div>\n\t\t","protected":false},"excerpt":{"rendered":"<p>KOROW\u00d3D PANA YABU. STUDIUM PERFORMATYWNE BILETY: STANDARDOWE: 40 Z\u0141 ULGOWE \/ STUDENCI 35 Z\u0141 GRUPY ZORGANIZOWANE 30 Z\u0141 OPIEKUNOWIE OS\u00d3B Z NIEPE\u0141NOSPRAWNO\u015aCIAMI BEZP\u0141ATNIE BILET MO\u017bNA NABY\u0106 W DNIU SPEKTAKLU \u00a0 [&hellip;]<\/p>\n","protected":false},"author":1,"featured_media":0,"parent":0,"menu_order":0,"comment_status":"closed","ping_status":"closed","template":"","meta":{"_mc_calendar":[],"footnotes":""},"class_list":["post-10639","page","type-page","status-publish","hentry"],"_links":{"self":[{"href":"https:\/\/teatrtrue.pl\/index.php?rest_route=\/wp\/v2\/pages\/10639","targetHints":{"allow":["GET"]}}],"collection":[{"href":"https:\/\/teatrtrue.pl\/index.php?rest_route=\/wp\/v2\/pages"}],"about":[{"href":"https:\/\/teatrtrue.pl\/index.php?rest_route=\/wp\/v2\/types\/page"}],"author":[{"embeddable":true,"href":"https:\/\/teatrtrue.pl\/index.php?rest_route=\/wp\/v2\/users\/1"}],"replies":[{"embeddable":true,"href":"https:\/\/teatrtrue.pl\/index.php?rest_route=%2Fwp%2Fv2%2Fcomments&post=10639"}],"version-history":[{"count":10,"href":"https:\/\/teatrtrue.pl\/index.php?rest_route=\/wp\/v2\/pages\/10639\/revisions"}],"predecessor-version":[{"id":11545,"href":"https:\/\/teatrtrue.pl\/index.php?rest_route=\/wp\/v2\/pages\/10639\/revisions\/11545"}],"wp:attachment":[{"href":"https:\/\/teatrtrue.pl\/index.php?rest_route=%2Fwp%2Fv2%2Fmedia&parent=10639"}],"curies":[{"name":"wp","href":"https:\/\/api.w.org\/{rel}","templated":true}]}}