{"id":10430,"date":"2026-01-26T16:35:42","date_gmt":"2026-01-26T15:35:42","guid":{"rendered":"https:\/\/teatrtrue.pl\/?page_id=10430"},"modified":"2026-01-30T20:47:50","modified_gmt":"2026-01-30T19:47:50","slug":"komisje-i-panele-instytucje","status":"publish","type":"page","link":"https:\/\/teatrtrue.pl\/?page_id=10430","title":{"rendered":"KOMISJE I PANELE \/ INSTYTUCJE"},"content":{"rendered":"\t\t<div data-elementor-type=\"wp-page\" data-elementor-id=\"10430\" class=\"elementor elementor-10430\">\n\t\t\t\t<div class=\"elementor-element elementor-element-405dc0f e-flex e-con-boxed elementor-invisible e-con e-parent\" data-id=\"405dc0f\" data-element_type=\"container\" data-settings=\"{&quot;animation&quot;:&quot;fadeInRight&quot;}\" data-core-v316-plus=\"true\">\n\t\t\t\t\t<div class=\"e-con-inner\">\n\t\t\t\t<div class=\"elementor-element elementor-element-c1ae31f elementor-invisible elementor-widget elementor-widget-text-editor\" data-id=\"c1ae31f\" data-element_type=\"widget\" data-settings=\"{&quot;_animation&quot;:&quot;zoomIn&quot;}\" data-widget_type=\"text-editor.default\">\n\t\t\t\t<div class=\"elementor-widget-container\">\n\t\t\t<style>\/*! elementor - v3.20.0 - 11-03-2024 *\/\n.elementor-widget-text-editor.elementor-drop-cap-view-stacked .elementor-drop-cap{background-color:#69727d;color:#fff}.elementor-widget-text-editor.elementor-drop-cap-view-framed .elementor-drop-cap{color:#69727d;border:3px solid;background-color:transparent}.elementor-widget-text-editor:not(.elementor-drop-cap-view-default) .elementor-drop-cap{margin-top:8px}.elementor-widget-text-editor:not(.elementor-drop-cap-view-default) .elementor-drop-cap-letter{width:1em;height:1em}.elementor-widget-text-editor .elementor-drop-cap{float:left;text-align:center;line-height:1;font-size:50px}.elementor-widget-text-editor .elementor-drop-cap-letter{display:inline-block}<\/style>\t\t\t\t<h6 style=\"text-align: center;\"><b>TANIEC I NIEPE\u0141NSOPARWNO\u015a\u0106 \u2013 PRZEKRACZANIE GRANIC\u00a0 2024<\/b><\/h6>\t\t\t\t\t\t<\/div>\n\t\t\t\t<\/div>\n\t\t\t\t\t<\/div>\n\t\t\t\t<\/div>\n\t\t<div class=\"elementor-element elementor-element-a7c0422 e-con-full e-flex elementor-invisible e-con e-parent\" data-id=\"a7c0422\" data-element_type=\"container\" data-settings=\"{&quot;animation&quot;:&quot;fadeInLeft&quot;}\" data-core-v316-plus=\"true\">\n\t\t<div class=\"elementor-element elementor-element-8fa38ad e-con-full e-flex e-con e-child\" data-id=\"8fa38ad\" data-element_type=\"container\">\n\t\t<div class=\"elementor-element elementor-element-b2a082e e-flex e-con-boxed elementor-invisible e-con e-child\" data-id=\"b2a082e\" data-element_type=\"container\" data-settings=\"{&quot;animation&quot;:&quot;fadeInLeft&quot;}\">\n\t\t\t\t\t<div class=\"e-con-inner\">\n\t\t\t\t<div class=\"elementor-element elementor-element-883788e elementor-widget elementor-widget-text-editor\" data-id=\"883788e\" data-element_type=\"widget\" data-widget_type=\"text-editor.default\">\n\t\t\t\t<div class=\"elementor-widget-container\">\n\t\t\t\t\t\t\t<p style=\"language: pl; margin-top: 0pt; margin-bottom: 0pt; margin-left: 0in; text-align: left; direction: ltr; unicode-bidi: embed; mso-line-break-override: none; word-break: normal; punctuation-wrap: hanging;\"><span style=\"font-size: 12pt; font-family: Aptos;\">Dr Jerzy Norbert Grzegorek\u00a0 w roli Cz\u0142onka Komisji Konkursowej Programu:\u00a0 <\/span><\/p><p style=\"language: pl; margin-top: 0pt; margin-bottom: 0pt; margin-left: 0in; text-align: left; direction: ltr; unicode-bidi: embed; mso-line-break-override: none; word-break: normal; punctuation-wrap: hanging;\"><span style=\"font-size: 12pt; font-family: Aptos;\">TANIEC I NIEPE\u0141NSOPARWNO\u015a\u0106 \u2013 PRZEKRACZANIE GRANIC\u00a0 2024<\/span><\/p><p style=\"language: pl; margin-top: 0pt; margin-bottom: 0pt; margin-left: 0in; text-align: left; direction: ltr; unicode-bidi: embed; mso-line-break-override: none; word-break: normal; punctuation-wrap: hanging;\"><span style=\"font-size: 9pt; font-family: Aptos;\">https:\/\/nimit.pl\/aktualnosci\/iv-kongres-tanca-wszedl-w-kluczowa-faze-wypracowano-tematy-paneli-i-debat\/<\/span><\/p>\t\t\t\t\t\t<\/div>\n\t\t\t\t<\/div>\n\t\t\t\t\t<\/div>\n\t\t\t\t<\/div>\n\t\t<div class=\"elementor-element elementor-element-752acea e-flex e-con-boxed e-con e-child\" data-id=\"752acea\" data-element_type=\"container\">\n\t\t\t\t\t<div class=\"e-con-inner\">\n\t\t\t\t<div class=\"elementor-element elementor-element-1b083ee elementor-invisible elementor-widget elementor-widget-text-editor\" data-id=\"1b083ee\" data-element_type=\"widget\" data-settings=\"{&quot;_animation&quot;:&quot;fadeInLeft&quot;}\" data-widget_type=\"text-editor.default\">\n\t\t\t\t<div class=\"elementor-widget-container\">\n\t\t\t\t\t\t\t<p style=\"text-align: left;\">Celem projektu jest wp\u0142ywanie na sektor kultury i sztuki, by by\u0142 bardziej dost\u0119pny dla jego r\u00f3\u017cnorodnych uczestnik\u00f3w i uczestniczek, tak\u017ce dla os\u00f3b z niepe\u0142nosprawno\u015bci\u0105. W jego ramach organizowane s\u0105 m.in. spotkania, konferencje, warsztaty. Cyklicznym dzia\u0142aniem s\u0105 coroczne laboratoria Taniec i niepe\u0142nosprawno\u015b\u0107: przekraczanie granic, w trakcie kt\u00f3rych tancerki i tancerze, choreografki i choreografowie rozwijaj\u0105 sw\u00f3j warsztat pod okiem zaproszonych prowadz\u0105cych.<\/p>\t\t\t\t\t\t<\/div>\n\t\t\t\t<\/div>\n\t\t\t\t<div class=\"elementor-element elementor-element-64324aa elementor-widget__width-initial elementor-widget-mobile__width-initial elementor-invisible elementor-widget elementor-widget-image\" data-id=\"64324aa\" data-element_type=\"widget\" data-settings=\"{&quot;_animation&quot;:&quot;fadeInUp&quot;}\" data-widget_type=\"image.default\">\n\t\t\t\t<div class=\"elementor-widget-container\">\n\t\t\t<style>\/*! elementor - v3.20.0 - 11-03-2024 *\/\n.elementor-widget-image{text-align:center}.elementor-widget-image a{display:inline-block}.elementor-widget-image a img[src$=\".svg\"]{width:48px}.elementor-widget-image img{vertical-align:middle;display:inline-block}<\/style>\t\t\t\t\t\t\t\t\t\t<img fetchpriority=\"high\" decoding=\"async\" width=\"489\" height=\"177\" src=\"https:\/\/teatrtrue.pl\/wp-content\/uploads\/2026\/01\/Zrzut-ekranu-2026-01-26-163840.png\" class=\"attachment-medium_large size-medium_large wp-image-10434\" alt=\"\" srcset=\"https:\/\/teatrtrue.pl\/wp-content\/uploads\/2026\/01\/Zrzut-ekranu-2026-01-26-163840.png 489w, https:\/\/teatrtrue.pl\/wp-content\/uploads\/2026\/01\/Zrzut-ekranu-2026-01-26-163840-300x109.png 300w\" sizes=\"(max-width: 489px) 100vw, 489px\" \/>\t\t\t\t\t\t\t\t\t\t\t\t\t<\/div>\n\t\t\t\t<\/div>\n\t\t\t\t\t<\/div>\n\t\t\t\t<\/div>\n\t\t\t\t<\/div>\n\t\t<div class=\"elementor-element elementor-element-89809f3 e-con-full e-flex e-con e-child\" data-id=\"89809f3\" data-element_type=\"container\">\n\t\t\t\t<div class=\"elementor-element elementor-element-79f222a elementor-widget__width-initial elementor-widget-mobile__width-initial elementor-invisible elementor-widget elementor-widget-image\" data-id=\"79f222a\" data-element_type=\"widget\" data-settings=\"{&quot;_animation&quot;:&quot;fadeInRight&quot;}\" data-widget_type=\"image.default\">\n\t\t\t\t<div class=\"elementor-widget-container\">\n\t\t\t\t\t\t\t\t\t\t\t\t\t<img decoding=\"async\" width=\"375\" height=\"476\" src=\"https:\/\/teatrtrue.pl\/wp-content\/uploads\/2026\/01\/Zrzut-ekranu-2026-01-26-163811.png\" class=\"attachment-large size-large wp-image-10433\" alt=\"\" srcset=\"https:\/\/teatrtrue.pl\/wp-content\/uploads\/2026\/01\/Zrzut-ekranu-2026-01-26-163811.png 375w, https:\/\/teatrtrue.pl\/wp-content\/uploads\/2026\/01\/Zrzut-ekranu-2026-01-26-163811-236x300.png 236w\" sizes=\"(max-width: 375px) 100vw, 375px\" \/>\t\t\t\t\t\t\t\t\t\t\t\t\t<\/div>\n\t\t\t\t<\/div>\n\t\t\t\t<\/div>\n\t\t\t\t<\/div>\n\t\t<div class=\"elementor-element elementor-element-1b13a25 e-con-full e-flex elementor-invisible e-con e-parent\" data-id=\"1b13a25\" data-element_type=\"container\" data-settings=\"{&quot;animation&quot;:&quot;fadeInRight&quot;}\" data-core-v316-plus=\"true\">\n\t\t<div class=\"elementor-element elementor-element-e0df072 e-con-full e-flex elementor-invisible e-con e-child\" data-id=\"e0df072\" data-element_type=\"container\" data-settings=\"{&quot;animation&quot;:&quot;fadeInLeft&quot;}\">\n\t\t\t\t<div class=\"elementor-element elementor-element-8ac30a7 elementor-widget elementor-widget-text-editor\" data-id=\"8ac30a7\" data-element_type=\"widget\" data-widget_type=\"text-editor.default\">\n\t\t\t\t<div class=\"elementor-widget-container\">\n\t\t\t\t\t\t\t<p style=\"text-align: left;\">Konkurs na prowadz\u0105cych Laboratoria skierowany jest do os\u00f3b zajmuj\u0105cych si\u0119 taneczn\u0105 dzia\u0142alno\u015bci\u0105 pedagogiczn\u0105, choreografi\u0105, prowadzeniem zaj\u0119\u0107, a tak\u017ce edukacj\u0105 kulturaln\u0105 wykorzystuj\u0105c\u0105 taniec jako narz\u0119dzie do rozwoju kompetencji spo\u0142eczno-kulturowych (w tym kompetencji mi\u0119dzykulturowej) oraz maj\u0105 udokumentowane do\u015bwiadczenie w pracy edukacyjno-artystycznej z osobami z niepe\u0142nosprawno\u015bciami i osobami g\/G\u0142uchymi. Duet Kandyduj\u0105cy powinien sk\u0142ada\u0107 si\u0119 z co najmniej jednej osoby uto\u017csamiaj\u0105cej si\u0119 jako osoba z niepe\u0142nosprawno\u015bci\u0105 lub osoba g\/G\u0142ucha.<\/p><p>Taniec i Niepe\u0142nosprawno\u015b\u0107 \u2013 Przekraczanie Granic 2024. Otwarty konkurs na prowadz\u0105cych laboratoria<\/p>\t\t\t\t\t\t<\/div>\n\t\t\t\t<\/div>\n\t\t\t\t<\/div>\n\t\t<div class=\"elementor-element elementor-element-3d2c411 e-con-full e-flex elementor-invisible e-con e-child\" data-id=\"3d2c411\" data-element_type=\"container\" data-settings=\"{&quot;animation&quot;:&quot;fadeInUp&quot;}\">\n\t\t\t\t<div class=\"elementor-element elementor-element-2090e63 elementor-widget__width-initial elementor-widget elementor-widget-image\" data-id=\"2090e63\" data-element_type=\"widget\" data-widget_type=\"image.default\">\n\t\t\t\t<div class=\"elementor-widget-container\">\n\t\t\t\t\t\t\t\t\t\t\t\t\t<img decoding=\"async\" width=\"261\" height=\"304\" src=\"https:\/\/teatrtrue.pl\/wp-content\/uploads\/2026\/01\/Zrzut-ekranu-2026-01-26-163952.png\" class=\"attachment-large size-large wp-image-10435\" alt=\"\" srcset=\"https:\/\/teatrtrue.pl\/wp-content\/uploads\/2026\/01\/Zrzut-ekranu-2026-01-26-163952.png 261w, https:\/\/teatrtrue.pl\/wp-content\/uploads\/2026\/01\/Zrzut-ekranu-2026-01-26-163952-258x300.png 258w\" sizes=\"(max-width: 261px) 100vw, 261px\" \/>\t\t\t\t\t\t\t\t\t\t\t\t\t<\/div>\n\t\t\t\t<\/div>\n\t\t\t\t<\/div>\n\t\t<div class=\"elementor-element elementor-element-e295a11 e-con-full e-flex elementor-invisible e-con e-child\" data-id=\"e295a11\" data-element_type=\"container\" data-settings=\"{&quot;animation&quot;:&quot;fadeInRight&quot;}\">\n\t\t\t\t<div class=\"elementor-element elementor-element-d2abd48 elementor-widget elementor-widget-image\" data-id=\"d2abd48\" data-element_type=\"widget\" data-widget_type=\"image.default\">\n\t\t\t\t<div class=\"elementor-widget-container\">\n\t\t\t\t\t\t\t\t\t\t\t\t\t<img loading=\"lazy\" decoding=\"async\" width=\"438\" height=\"517\" src=\"https:\/\/teatrtrue.pl\/wp-content\/uploads\/2026\/01\/Zrzut-ekranu-2026-01-26-164024.png\" class=\"attachment-large size-large wp-image-10436\" alt=\"\" srcset=\"https:\/\/teatrtrue.pl\/wp-content\/uploads\/2026\/01\/Zrzut-ekranu-2026-01-26-164024.png 438w, https:\/\/teatrtrue.pl\/wp-content\/uploads\/2026\/01\/Zrzut-ekranu-2026-01-26-164024-254x300.png 254w\" sizes=\"(max-width: 438px) 100vw, 438px\" \/>\t\t\t\t\t\t\t\t\t\t\t\t\t<\/div>\n\t\t\t\t<\/div>\n\t\t\t\t<\/div>\n\t\t\t\t<\/div>\n\t\t<div class=\"elementor-element elementor-element-6a260e5 e-flex e-con-boxed elementor-invisible e-con e-parent\" data-id=\"6a260e5\" data-element_type=\"container\" data-settings=\"{&quot;animation&quot;:&quot;fadeInLeft&quot;}\" data-core-v316-plus=\"true\">\n\t\t\t\t\t<div class=\"e-con-inner\">\n\t\t\t\t<div class=\"elementor-element elementor-element-f55c9af elementor-invisible elementor-widget elementor-widget-text-editor\" data-id=\"f55c9af\" data-element_type=\"widget\" data-settings=\"{&quot;_animation&quot;:&quot;zoomIn&quot;}\" data-widget_type=\"text-editor.default\">\n\t\t\t\t<div class=\"elementor-widget-container\">\n\t\t\t\t\t\t\t<h6 style=\"text-align: center;\"><b>IV KONGRES TA\u0143CA. DOST\u0118PNO\u015a\u0106 I ODPOWIEDZIALNO\u015a\u0106 SPO\u0141ECZNA TA\u0143CA<\/b><\/h6>\t\t\t\t\t\t<\/div>\n\t\t\t\t<\/div>\n\t\t\t\t\t<\/div>\n\t\t\t\t<\/div>\n\t\t<div class=\"elementor-element elementor-element-9c6f829 e-con-full e-flex elementor-invisible e-con e-parent\" data-id=\"9c6f829\" data-element_type=\"container\" data-settings=\"{&quot;animation&quot;:&quot;fadeInRight&quot;}\" data-core-v316-plus=\"true\">\n\t\t\t\t<div class=\"elementor-element elementor-element-78f1afe elementor-invisible elementor-widget elementor-widget-text-editor\" data-id=\"78f1afe\" data-element_type=\"widget\" data-settings=\"{&quot;_animation&quot;:&quot;zoomIn&quot;}\" data-widget_type=\"text-editor.default\">\n\t\t\t\t<div class=\"elementor-widget-container\">\n\t\t\t\t\t\t\t<p>Dr Jerzy Norbert Grzegorek w roli specjalisty w panelu:\u00a0\u00a0 <b>DOST\u0118PNO\u015a\u0106 I ODPOWIEDZIALNO\u015a\u0106 SPO\u0141ECZNA TA\u0143CA<\/b><\/p><p>IV KONGRES TA\u0143CA\u00a0 15-17 LISTOPADA 2025 WARSZAWA Centrum Sztuki Wsp\u00f3\u0142czesnej Zamek Ujazdowski<\/p>\t\t\t\t\t\t<\/div>\n\t\t\t\t<\/div>\n\t\t\t\t<\/div>\n\t\t<div class=\"elementor-element elementor-element-347ee83 e-con-full e-flex elementor-invisible e-con e-parent\" data-id=\"347ee83\" data-element_type=\"container\" data-settings=\"{&quot;animation&quot;:&quot;fadeInLeft&quot;}\" data-core-v316-plus=\"true\">\n\t\t<div class=\"elementor-element elementor-element-9ddb944 e-con-full e-flex elementor-invisible e-con e-child\" data-id=\"9ddb944\" data-element_type=\"container\" data-settings=\"{&quot;animation&quot;:&quot;fadeInLeft&quot;}\">\n\t\t\t\t<div class=\"elementor-element elementor-element-dbeddd3 elementor-widget elementor-widget-image\" data-id=\"dbeddd3\" data-element_type=\"widget\" data-widget_type=\"image.default\">\n\t\t\t\t<div class=\"elementor-widget-container\">\n\t\t\t\t\t\t\t\t\t\t\t\t\t<img loading=\"lazy\" decoding=\"async\" width=\"468\" height=\"242\" src=\"https:\/\/teatrtrue.pl\/wp-content\/uploads\/2026\/01\/Zrzut-ekranu-2026-01-26-164243.png\" class=\"attachment-large size-large wp-image-10440\" alt=\"\" srcset=\"https:\/\/teatrtrue.pl\/wp-content\/uploads\/2026\/01\/Zrzut-ekranu-2026-01-26-164243.png 468w, https:\/\/teatrtrue.pl\/wp-content\/uploads\/2026\/01\/Zrzut-ekranu-2026-01-26-164243-300x155.png 300w\" sizes=\"(max-width: 468px) 100vw, 468px\" \/>\t\t\t\t\t\t\t\t\t\t\t\t\t<\/div>\n\t\t\t\t<\/div>\n\t\t\t\t<\/div>\n\t\t<div class=\"elementor-element elementor-element-a736c87 e-con-full e-flex e-con e-child\" data-id=\"a736c87\" data-element_type=\"container\">\n\t\t\t\t<div class=\"elementor-element elementor-element-1799bdb elementor-widget__width-initial elementor-invisible elementor-widget elementor-widget-text-editor\" data-id=\"1799bdb\" data-element_type=\"widget\" data-settings=\"{&quot;_animation&quot;:&quot;fadeInRight&quot;}\" data-widget_type=\"text-editor.default\">\n\t\t\t\t<div class=\"elementor-widget-container\">\n\t\t\t\t\t\t\t<p>nimit.pl\/aktualnosci\/iv-kongres-tanca-wszedl-w-kluczowa-faze-wypracowano-tematy-paneli-i-debat\/<\/p>\t\t\t\t\t\t<\/div>\n\t\t\t\t<\/div>\n\t\t\t\t<\/div>\n\t\t<div class=\"elementor-element elementor-element-773f2ad e-con-full e-flex e-con e-child\" data-id=\"773f2ad\" data-element_type=\"container\">\n\t\t\t\t<div class=\"elementor-element elementor-element-2d1654e elementor-widget__width-initial elementor-invisible elementor-widget elementor-widget-image\" data-id=\"2d1654e\" data-element_type=\"widget\" data-settings=\"{&quot;_animation&quot;:&quot;fadeInLeft&quot;}\" data-widget_type=\"image.default\">\n\t\t\t\t<div class=\"elementor-widget-container\">\n\t\t\t\t\t\t\t\t\t\t\t\t\t<img loading=\"lazy\" decoding=\"async\" width=\"306\" height=\"205\" src=\"https:\/\/teatrtrue.pl\/wp-content\/uploads\/2026\/01\/Zrzut-ekranu-2026-01-26-164302.png\" class=\"attachment-large size-large wp-image-10441\" alt=\"\" srcset=\"https:\/\/teatrtrue.pl\/wp-content\/uploads\/2026\/01\/Zrzut-ekranu-2026-01-26-164302.png 306w, https:\/\/teatrtrue.pl\/wp-content\/uploads\/2026\/01\/Zrzut-ekranu-2026-01-26-164302-300x201.png 300w\" sizes=\"(max-width: 306px) 100vw, 306px\" \/>\t\t\t\t\t\t\t\t\t\t\t\t\t<\/div>\n\t\t\t\t<\/div>\n\t\t\t\t<div class=\"elementor-element elementor-element-1280c25 elementor-invisible elementor-widget elementor-widget-text-editor\" data-id=\"1280c25\" data-element_type=\"widget\" data-settings=\"{&quot;_animation&quot;:&quot;fadeInUp&quot;}\" data-widget_type=\"text-editor.default\">\n\t\t\t\t<div class=\"elementor-widget-container\">\n\t\t\t\t\t\t\t<p>IV Kongres Ta\u0144ca, kt\u00f3ry odby\u0142 si\u0119 w Warszawie w dniach 15\u201317 listopada 2025 roku w Centrum Sztuki Wsp\u00f3\u0142czesnej Zamek Ujazdowski, sta\u0142 si\u0119 wydarzeniem o szczeg\u00f3lnej wadze dla polskiego \u015brodowiska tanecznego. Zgromadzi\u0142 artyst\u00f3w, pedagog\u00f3w, mened\u017cer\u00f3w, badaczy i przedstawicieli instytucji z ca\u0142ego kraju, tworz\u0105c przestrze\u0144 do rozmowy o przysz\u0142o\u015bci polskiego ta\u0144ca i jego roli w \u017cyciu spo\u0142ecznym oraz kulturalnym.<\/p>\t\t\t\t\t\t<\/div>\n\t\t\t\t<\/div>\n\t\t\t\t<\/div>\n\t\t<div class=\"elementor-element elementor-element-2a28973 e-con-full e-flex e-con e-child\" data-id=\"2a28973\" data-element_type=\"container\">\n\t\t\t\t<div class=\"elementor-element elementor-element-b5e9f9f elementor-widget__width-initial elementor-widget-mobile__width-initial elementor-invisible elementor-widget elementor-widget-image\" data-id=\"b5e9f9f\" data-element_type=\"widget\" data-settings=\"{&quot;_animation&quot;:&quot;fadeInRight&quot;}\" data-widget_type=\"image.default\">\n\t\t\t\t<div class=\"elementor-widget-container\">\n\t\t\t\t\t\t\t\t\t\t\t\t\t<img loading=\"lazy\" decoding=\"async\" width=\"423\" height=\"339\" src=\"https:\/\/teatrtrue.pl\/wp-content\/uploads\/2026\/01\/Zrzut-ekranu-2026-01-26-164452.png\" class=\"attachment-large size-large wp-image-10442\" alt=\"\" srcset=\"https:\/\/teatrtrue.pl\/wp-content\/uploads\/2026\/01\/Zrzut-ekranu-2026-01-26-164452.png 423w, https:\/\/teatrtrue.pl\/wp-content\/uploads\/2026\/01\/Zrzut-ekranu-2026-01-26-164452-300x240.png 300w\" sizes=\"(max-width: 423px) 100vw, 423px\" \/>\t\t\t\t\t\t\t\t\t\t\t\t\t<\/div>\n\t\t\t\t<\/div>\n\t\t\t\t<\/div>\n\t\t\t\t<\/div>\n\t\t<div class=\"elementor-element elementor-element-ecdcf1e e-con-full e-flex e-con e-parent\" data-id=\"ecdcf1e\" data-element_type=\"container\" data-core-v316-plus=\"true\">\n\t\t\t\t<div class=\"elementor-element elementor-element-b0e6876 elementor-invisible elementor-widget elementor-widget-text-editor\" data-id=\"b0e6876\" data-element_type=\"widget\" data-settings=\"{&quot;_animation&quot;:&quot;zoomIn&quot;}\" data-widget_type=\"text-editor.default\">\n\t\t\t\t<div class=\"elementor-widget-container\">\n\t\t\t\t\t\t\t<p>Dost\u0119pno\u015b\u0107 i odpowiedzialno\u015b\u0107 spo\u0142eczna ta\u0144ca \u2013 Taniec mo\u017ce i powinien by\u0107 dost\u0119pny dla ka\u017cdego \u2013 niezale\u017cnie od sprawno\u015bci, wieku, miejsca zamieszkania, sytuacji rodzinnej czy spo\u0142ecznej. W panelu poruszymy szeroko rozumiane zagadnienie dost\u0119pno\u015bci nie tylko dla os\u00f3b z niepe\u0142nosprawno\u015bciami, g\/G\u0142uchych, neuror\u00f3\u017cnorodnych, ale tak\u017ce os\u00f3b opiekuj\u0105ce si\u0119 dzie\u0107mi, os\u00f3b starszych, os\u00f3b zale\u017cnych i os\u00f3b opiekuj\u0105cych si\u0119 nimi \u2013 podj\u0119te b\u0119d\u0119 dyskusje o potrzebach os\u00f3b zwi\u0105zane z ich wiekiem, og\u00f3ln\u0105 sprawno\u015bci\u0105, wiedz\u0105 czy dost\u0119pem geograficznym do okre\u015blonej oferty tanecznej.<\/p>\t\t\t\t\t\t<\/div>\n\t\t\t\t<\/div>\n\t\t\t\t<\/div>\n\t\t<div class=\"elementor-element elementor-element-6d1badd e-con-full e-flex elementor-invisible e-con e-parent\" data-id=\"6d1badd\" data-element_type=\"container\" data-settings=\"{&quot;animation&quot;:&quot;fadeInRight&quot;}\" data-core-v316-plus=\"true\">\n\t\t<div class=\"elementor-element elementor-element-47eee4c e-con-full e-flex e-con e-child\" data-id=\"47eee4c\" data-element_type=\"container\">\n\t\t\t\t<div class=\"elementor-element elementor-element-d56562f elementor-invisible elementor-widget elementor-widget-image\" data-id=\"d56562f\" data-element_type=\"widget\" data-settings=\"{&quot;_animation&quot;:&quot;fadeInLeft&quot;}\" data-widget_type=\"image.default\">\n\t\t\t\t<div class=\"elementor-widget-container\">\n\t\t\t\t\t\t\t\t\t\t\t\t\t<img loading=\"lazy\" decoding=\"async\" width=\"482\" height=\"280\" src=\"https:\/\/teatrtrue.pl\/wp-content\/uploads\/2026\/01\/Zrzut-ekranu-2026-01-26-170103.png\" class=\"attachment-large size-large wp-image-10448\" alt=\"\" srcset=\"https:\/\/teatrtrue.pl\/wp-content\/uploads\/2026\/01\/Zrzut-ekranu-2026-01-26-170103.png 482w, https:\/\/teatrtrue.pl\/wp-content\/uploads\/2026\/01\/Zrzut-ekranu-2026-01-26-170103-300x174.png 300w\" sizes=\"(max-width: 482px) 100vw, 482px\" \/>\t\t\t\t\t\t\t\t\t\t\t\t\t<\/div>\n\t\t\t\t<\/div>\n\t\t\t\t<div class=\"elementor-element elementor-element-aca3aa1 elementor-invisible elementor-widget elementor-widget-image\" data-id=\"aca3aa1\" data-element_type=\"widget\" data-settings=\"{&quot;_animation&quot;:&quot;fadeInUp&quot;}\" data-widget_type=\"image.default\">\n\t\t\t\t<div class=\"elementor-widget-container\">\n\t\t\t\t\t\t\t\t\t\t\t\t\t<img loading=\"lazy\" decoding=\"async\" width=\"372\" height=\"520\" src=\"https:\/\/teatrtrue.pl\/wp-content\/uploads\/2026\/01\/Zrzut-ekranu-2026-01-26-170544.png\" class=\"attachment-large size-large wp-image-10450\" alt=\"\" srcset=\"https:\/\/teatrtrue.pl\/wp-content\/uploads\/2026\/01\/Zrzut-ekranu-2026-01-26-170544.png 372w, https:\/\/teatrtrue.pl\/wp-content\/uploads\/2026\/01\/Zrzut-ekranu-2026-01-26-170544-215x300.png 215w\" sizes=\"(max-width: 372px) 100vw, 372px\" \/>\t\t\t\t\t\t\t\t\t\t\t\t\t<\/div>\n\t\t\t\t<\/div>\n\t\t\t\t<\/div>\n\t\t<div class=\"elementor-element elementor-element-0d19e5b e-con-full e-flex e-con e-child\" data-id=\"0d19e5b\" data-element_type=\"container\">\n\t\t\t\t<div class=\"elementor-element elementor-element-836ca4f elementor-widget__width-initial elementor-invisible elementor-widget elementor-widget-image\" data-id=\"836ca4f\" data-element_type=\"widget\" data-settings=\"{&quot;_animation&quot;:&quot;fadeInRight&quot;}\" data-widget_type=\"image.default\">\n\t\t\t\t<div class=\"elementor-widget-container\">\n\t\t\t\t\t\t\t\t\t\t\t\t\t<img loading=\"lazy\" decoding=\"async\" width=\"242\" height=\"152\" src=\"https:\/\/teatrtrue.pl\/wp-content\/uploads\/2026\/01\/Zrzut-ekranu-2026-01-26-170150.png\" class=\"attachment-large size-large wp-image-10449\" alt=\"\" \/>\t\t\t\t\t\t\t\t\t\t\t\t\t<\/div>\n\t\t\t\t<\/div>\n\t\t\t\t<div class=\"elementor-element elementor-element-0de03b7 elementor-widget__width-initial elementor-invisible elementor-widget elementor-widget-text-editor\" data-id=\"0de03b7\" data-element_type=\"widget\" data-settings=\"{&quot;_animation&quot;:&quot;fadeInRight&quot;}\" data-widget_type=\"text-editor.default\">\n\t\t\t\t<div class=\"elementor-widget-container\">\n\t\t\t\t\t\t\t<p>W\u0105tek odpowiedzialno\u015bci spo\u0142ecznej obejmie zar\u00f3wno problemy humanistyczne, ekologiczne, jak i technologiczne. Panel stanie si\u0119 przestrzeni\u0105 do refleksji nad tym w jaki spos\u00f3b dost\u0119pno\u015b\u0107 i odpowiedzialno\u015b\u0107 spo\u0142eczna mog\u0105 stawa\u0107 si\u0119 organiczn\u0105 cz\u0119\u015bci\u0105 aktywno\u015bci \u015brodowisk tanecznych, ubogaca\u0107, wzmacnia\u0107 i stanowi\u0107 impuls do kreowania projekt\u00f3w o znaczeniu zar\u00f3wno artystycznym, jak i si\u0119gaj\u0105cym znacznie g\u0142\u0119biej i przynosz\u0105cym realne efekty dla rozwoju spo\u0142ecze\u0144stw.<\/p>\t\t\t\t\t\t<\/div>\n\t\t\t\t<\/div>\n\t\t\t\t<\/div>\n\t\t\t\t<\/div>\n\t\t\t\t<\/div>\n\t\t","protected":false},"excerpt":{"rendered":"<p>TANIEC I NIEPE\u0141NSOPARWNO\u015a\u0106 \u2013 PRZEKRACZANIE GRANIC\u00a0 2024 Dr Jerzy Norbert Grzegorek\u00a0 w roli Cz\u0142onka Komisji Konkursowej Programu:\u00a0 TANIEC I NIEPE\u0141NSOPARWNO\u015a\u0106 \u2013 PRZEKRACZANIE GRANIC\u00a0 2024 IV Kongres Ta\u0144ca wszed\u0142 w kluczow\u0105 [&hellip;]<\/p>\n","protected":false},"author":1,"featured_media":0,"parent":0,"menu_order":0,"comment_status":"closed","ping_status":"closed","template":"","meta":{"_mc_calendar":[],"footnotes":""},"class_list":["post-10430","page","type-page","status-publish","hentry"],"_links":{"self":[{"href":"https:\/\/teatrtrue.pl\/index.php?rest_route=\/wp\/v2\/pages\/10430","targetHints":{"allow":["GET"]}}],"collection":[{"href":"https:\/\/teatrtrue.pl\/index.php?rest_route=\/wp\/v2\/pages"}],"about":[{"href":"https:\/\/teatrtrue.pl\/index.php?rest_route=\/wp\/v2\/types\/page"}],"author":[{"embeddable":true,"href":"https:\/\/teatrtrue.pl\/index.php?rest_route=\/wp\/v2\/users\/1"}],"replies":[{"embeddable":true,"href":"https:\/\/teatrtrue.pl\/index.php?rest_route=%2Fwp%2Fv2%2Fcomments&post=10430"}],"version-history":[{"count":22,"href":"https:\/\/teatrtrue.pl\/index.php?rest_route=\/wp\/v2\/pages\/10430\/revisions"}],"predecessor-version":[{"id":11511,"href":"https:\/\/teatrtrue.pl\/index.php?rest_route=\/wp\/v2\/pages\/10430\/revisions\/11511"}],"wp:attachment":[{"href":"https:\/\/teatrtrue.pl\/index.php?rest_route=%2Fwp%2Fv2%2Fmedia&parent=10430"}],"curies":[{"name":"wp","href":"https:\/\/api.w.org\/{rel}","templated":true}]}}